t of o?
5
Let y(m) = 14*m - 4. Let v be y(4). Suppose -v = 3*p - p. What is the units digit of -3 + (7 - 2) - p?
8
What is the hundreds digit of -4*((-507)/4 - 0)?
5
Suppose -2*b = -a + 71, -6 = 5*b + 14. Let c(i) = -i**3 + 19*i**2 - 15*i - 10. Let o be c(18). Let x = a - o. What is the units digit of x?
9
Suppose -8 = 3*p - 7*p. Let n be p/(-8) + (-17)/(-4). Suppose 88 = n*i + 4. What is the units digit of i?
1
Suppose -2*i = -6*i + b + 495, i + b = 125. Suppose -342 = -v - i. What is the hundreds digit of v?
2
Suppose 11*t = 7*t + 84. Let q(i) = -i**3 + 22*i**2 - 17*i - 14. What is the units digit of q(t)?
0
Suppose 5*m + 52 = -53. What is the tens digit of (-1)/(-1) - 1596/m?
7
Let k = 477 + 43. Let n be k/6 + 2/6. Suppose 4*o - 108 = 4*s, 0 = 5*o + 2*s - 20 - n. What is the units digit of o?
3
Let l = -39 - -41. Suppose -3*u = -4*b + 3, 5 = 5*b - 5*u - 0. Suppose b = -n + l. What is the units digit of n?
2
Suppose -3*z = z - 528. Let i = z + -83. Suppose 5*f + 1 = t + 2*f, i = 5*t - 4*f. What is the units digit of t?
3
Let c be -2 - 2 - 2184/(-14). Let s = -89 + c. What is the tens digit of s?
6
Let b(f) = 4*f**3 - f**2 - 6. Let y be b(3). Let k = 75 + -25. Suppose -v - 4*c = -k, 3*v - c - y = 70. What is the tens digit of v?
5
Let x be ((-232)/20)/(6/(-15)). Let p = 98 - x. Suppose -87 = -5*w - 4*t, -2*w - 3*w + p = -2*t. What is the units digit of w?
5
Let a(h) = -8*h - 14. Let u be 32/(-3) - 5/15. What is the tens digit of a(u)?
7
Suppose 4*c - v = 24, -c - 2*v - 4 = -19. Let l = c - -5. Let u = l - -20. What is the units digit of u?
2
Let m = 15262 + -10157. What is the tens digit of m?
0
Suppose -9*b = -6*b - 69. Let m = b + 30. What is the units digit of m?
3
Let j(m) = -2*m**2 - 2*m. Let x(b) = b - 1. Let g(y) = -j(y) + 4*x(y). What is the units digit of g(-7)?
2
Let o(w) = 1 - 11*w**2 - 3 + 0*w**2. Let h be o(-2). Let t = -19 - h. What is the units digit of t?
7
Let v = 12 - 23. Let l = v + 12. What is the units digit of l?
1
Let h = -28 + 32. Suppose -h*w - 160 = -9*w. What is the units digit of w?
2
Let l = -47 + 13. Let x = -34 - l. Suppose -3*n + 17 = 2*o, x*o - o + 7 = n. What is the units digit of o?
4
Suppose 3*c - 25 = -2*c - 3*l, 0 = -3*l. Suppose 0*u + c*b - 80 = -4*u, -3*b - 40 = -2*u. What is the units digit of u?
0
Let m be (-4)/(-2) + (-15 - -18). Let q(i) = 4*i + m - 3 + 5*i. What is the tens digit of q(3)?
2
Suppose 787 - 3418 = -3*k. Suppose p = -o + 5*o + 287, 0 = -3*p - 4*o + k. What is the hundreds digit of p?
2
Let d(n) = 27*n - 98. What is the units digit of d(42)?
6
Let l(o) = 2*o + 18. Let d be l(-8). Suppose -236 = -2*t - 2*f, -f = 2*t + d*f - 239. What is the hundreds digit of t?
1
Let x = 357 - -161. Suppose l + s + 515 = 4*l, x = 3*l + 2*s. What is the tens digit of l?
7
Let p be (0 - (-4)/6)*267. Suppose -p = -n + 93. What is the tens digit of n?
7
Let r(y) = -2*y**3 - 26*y**2 + 33*y + 131. What is the thousands digit of r(-19)?
3
Let k(v) = -v**3 + 37*v**2 - 36*v + 289. What is the hundreds digit of k(36)?
2
Suppose 5*z = i + 317 + 502, -4*z - 2*i = -644. What is the units digit of z + (6/(-1) - (-10 - -6))?
1
Let m(w) = -17*w - 15. Let p be m(-5). Suppose o - 156 = 5*q, -3*q - 2*o - p = 34. What is the units digit of (-124)/(-9) - q/144?
4
Let c = 7 + -12. Let n(z) = -32*z + 10. What is the hundreds digit of n(c)?
1
Suppose 14780 = 799*f - 789*f. What is the units digit of f?
8
Let n(b) = -b**2 + 5*b - 2. Let r be n(4). Let z = r - -7. Let j(u) = 2*u - 2. What is the tens digit of j(z)?
1
Suppose -2610 - 1142 = -7*l. What is the units digit of l?
6
Let q = 2690 - 1604. What is the units digit of q?
6
Let u(f) = 12*f - 9. Suppose -3*l + 56 + 10 = 0. Let k = -18 + l. What is the tens digit of u(k)?
3
Suppose 0 = -10*t - 4*t + 3962. What is the tens digit of t?
8
Let d be (-62)/(-3) + 1 + 132/(-198). Suppose f - 197 = -d. What is the tens digit of f?
7
Let i(b) = -2 + 2 + 2 + 79*b - 1. What is the tens digit of i(1)?
8
Suppose -17*z + 2436 = -5010. What is the units digit of z?
8
Let z = -11 + 16. What is the tens digit of z*13 - (-6 - -1 - -6)?
6
Suppose 4*y - 959 = 7*g - 10*g, -2*y = 5*g - 497. What is the hundreds digit of y?
2
Let x = 12 + -7. Suppose 3*h - 40 = -x*h. What is the units digit of h?
5
Let u(h) = 14*h**2 + 12*h + 11. Let q(d) = -5*d**2 - 4*d - 4. Let s(v) = 8*q(v) + 3*u(v). What is the units digit of s(5)?
1
Suppose 2*w - c = 21, -w + 3 = -4*c + 5*c. What is the units digit of (-2)/w*12/(-3)?
1
Let n be -2 + 1 + (9 - -3)/4. Suppose n*s = -7*r + 2*r + 94, 3*s = -4*r + 78. What is the tens digit of r?
1
Let v(t) = 2*t - 12. Let a be v(9). Suppose a*g + 87 = 3*g. Let s = g + 46. What is the tens digit of s?
1
Let g = -44 - -124. Suppose -z - 1353 = -5*a, 2*a = -3*a - z + 1347. Suppose 5*b - a = -g. What is the tens digit of b?
3
Suppose 17 = -3*x + 29. Let w be 3/(-1*1/(-1)). Suppose v - f - 28 = 0, -f = -x*f + w. What is the tens digit of v?
2
Let m(r) be the third derivative of -r**6/120 - r**5/20 + 3*r**4/8 + r**3 + 21*r**2. What is the tens digit of m(-7)?
3
Let t(o) = -2*o - 15. Let w = -36 - -15. What is the tens digit of t(w)?
2
Let r(d) = -4*d - 9. Let x be r(-3). Let k = 87 + -1. Suppose x*b + 89 = 4*h, -b - k = -4*h + b. What is the tens digit of h?
2
Let t = 77 + -76. Suppose t = -u + 62. What is the units digit of u?
1
What is the tens digit of 8/((-8)/5) + 1015?
1
Suppose -9*q + 3818 = -268. What is the hundreds digit of q?
4
Suppose -3*g = 6 - 18. Suppose -4*x = -5*o - 2*x + 252, 0 = g*o - 5*x - 205. Let w = -23 + o. What is the tens digit of w?
2
Let r(j) = j**3 + 5*j**2 + 3*j + 4. Let x be r(-4). Let m(h) = 7*h. Let n be m(3). Let g = n - x. What is the tens digit of g?
1
Suppose 4*g + g - 25 = 0. Suppose 3*p - 20 = -5*n + 69, -g*p - 48 = -2*n. What is the units digit of n + (-2 - -3 - 4)?
6
Suppose 2*l - 5*l = 0. Let j(h) = -11*h**2 + 35*h - 14. Let z be j(5). What is the tens digit of (2 - l)/((-12)/z)?
1
Suppose -6*a = -3*u - 5*a + 34, -4*u + 2*a + 48 = 0. Suppose u*b = b + 1962. What is the tens digit of b?
1
Suppose r - 3*z = 99 - 29, -4*z + 20 = 0. What is the units digit of r?
5
Suppose -26*b - 28*b + 68094 = 0. What is the hundreds digit of b?
2
Let l be (-8)/36 + 910/(-117). Let k(c) = -3*c**2 - 6*c - 1. Let f(v) = -10*v**2 - 19*v - 2. Let j(o) = 2*f(o) - 7*k(o). What is the tens digit of j(l)?
3
What is the tens digit of (-246)/(-41)*(-1 + 43)?
5
Suppose 4 = -y, -w - 1877 = -4*w + 5*y. What is the hundreds digit of w?
6
Suppose -2*q + 3*q = -2. Let v be 0/(-6 + (1 - q)). Suppose v*u = -2*u + 8. What is the units digit of u?
4
Suppose 16*a = -33*a + 71687. What is the thousands digit of a?
1
Suppose -y = -j + 9, -2*y = 5*j + 2*y. Suppose h + j*g - 9 = 14, 4*g - 14 = 2*h. Suppose 5*u - 46 = h*u. What is the tens digit of u?
2
Let i = -123 - -1351. What is the units digit of i?
8
Let t = -189 + 363. What is the units digit of t?
4
Let c(r) = 4 - 2*r - 4 + 3 + 17*r**2. What is the tens digit of c(2)?
6
Suppose -5*v - 517 = -l, -21*l + 26*l - v - 2705 = 0. What is the units digit of l?
2
Suppose -3*n - 160 = -2*a + n, 0 = -a + n + 76. Suppose 3*k - k + a = 0. Let s = -16 - k. What is the units digit of s?
0
Let l be (1/(-1))/(3/(-12)). Let d(k) = k + 5. Let b be d(-4). Suppose -b - 35 = -l*c. What is the units digit of c?
9
Let u = -323 + 2064. What is the thousands digit of u?
1
Suppose 25 = 3*y + 10, -o + 5*y + 4879 = 0. What is the thousands digit of o?
4
Let v = 2381 - 1459. What is the units digit of v?
2
Let j(v) = -8*v + 61. What is the tens digit of j(0)?
6
Let h = 1361 - 968. What is the units digit of h?
3
Suppose 3*q - 5*i = -1, 0*i = -4*q - 3*i - 11. Let s(l) be the third derivative of -l**4/6 + l**3/6 + 5*l**2 + 3*l. What is the units digit of s(q)?
9
Let c be 1/2 - (-12)/8. Suppose c*y + 3142 = 7*y + 4*f, f + 2 = 0. What is the units digit of 2/3 + y/27?
4
Suppose 2*j + 0 + 2 = b, -5*j - b = 12. What is the units digit of ((-269 - -1)/j)/2?
7
Let j(b) = -b**2 + 7*b - 6. Let p be 40/(-4)*8/(-10). Let m be j(p). What is the units digit of (-134)/m + (-9)/(-21)?
0
What is the units digit of 12/22 + 129646/121?
2
Suppose 5287 = 5*x - 2193. What is the hundreds digit of x?
4
Let g = -66 + 270. What is the hundreds digit of g?
2
Suppose -3122 = -7*w - 525.